 207168.
21
What is the remainder when 30827854 is divided by 10235?
34
Calculate the remainder when 1007572 is divided by 251885.
32
Calculate the remainder when 88439 is divided by 2157.
2
What is the remainder when 2393 is divided by 1908?
485
Calculate the remainder when 5249655 is divided by 1321.
1
Calculate the remainder when 27501 is divided by 7882.
3855
What is the remainder when 600824 is divided by 278?
66
Calculate the remainder when 79746 is divided by 25733.
2547
Calculate the remainder when 224161276 is divided by 7148.
7144
What is the remainder when 5516599 is divided by 344766?
343
Calculate the remainder when 7334712 is divided by 27995.
22
What is the remainder when 365833 is divided by 1584?
1513
What is the remainder when 338542 is divided by 332703?
5839
What is the remainder when 643854 is divided by 71530?
84
What is the remainder when 47958812 is divided by 557?
555
What is the remainder when 2677571 is divided by 1383?
83
Calculate the remainder when 365823 is divided by 170.
153
Calculate the remainder when 9952298 is divided by 110581.
8
What is the remainder when 12216473 is divided by 281?
279
What is the remainder when 3977124 is divided by 795420?
24
Calculate the remainder when 16713201 is divided by 181.
23
What is the remainder when 881568 is divided by 292730?
3378
Calculate the remainder when 1556729 is divided by 315.
314
What is the remainder when 163037 is divided by 1347?
50
Calculate the remainder when 6270772 is divided by 578.
50
Calculate the remainder when 27141 is divided by 1705.
1566
What is the remainder when 150206 is divided by 103?
32
What is the remainder when 76621 is divided by 1800?
1021
What is the remainder when 308002 is divided by 307602?
400
What is the remainder when 53210388 is divided by 12?
0
Calculate the remainder when 255702735 is divided by 2008.
2007
Calculate the remainder when 95688 is divided by 31632.
792
Calculate the remainder when 38428993 is divided by 9607248.
1
What is the remainder when 17276049 is divided by 325963?
10
Calculate the remainder when 8730 is divided by 655.
215
Calculate the remainder when 1227199 is divided by 136355.
4
Calculate the remainder when 3207716 is divided by 801921.
32
Calculate the remainder when 616189913 is divided by 2486.
9
Calculate the remainder when 449044 is divided by 303.
301
Calculate the remainder when 34661 is divided by 228.
5
Calculate the remainder when 1298975 is divided by 9931.
7945
Calculate the remainder when 412683 is divided by 82456.
403
What is the remainder when 72110 is divided by 70760?
1350
What is the remainder when 154240 is divided by 15399?
250
Calculate the remainder when 465542 is divided by 465408.
134
What is the remainder when 175620544 is divided by 27?
16
Calculate the remainder when 712418 is divided by 62.
38
Calculate the remainder when 2405165 is divided by 114530.
35
Calculate the remainder when 2611089 is divided by 33.
30
Calculate the remainder when 30924179 is divided by 2835.
2834
What is the remainder when 210002131 is divided by 105001046?
39
What is the remainder when 9405012 is divided by 26125?
12
What is the remainder when 8299200 is divided by 289?
276
Calculate the remainder when 1396961 is divided by 155217.
8
Calculate the remainder when 88803409 is divided by 25928.
9
What is the remainder when 458945 is divided by 368?
49
What is the remainder when 10334619 is divided by 35?
29
Calculate the remainder when 155676 is divided by 2082.
1608
Calculate the remainder when 1335 is divided by 572.
191
Calculate the remainder when 161145 is divided by 2553.
306
What is the remainder when 1066312 is divided by 355416?
64
Calculate the remainder when 7633795 is divided by 32.
3
What is the remainder when 3502395 is divided by 176?
171
What is the remainder when 24143950 is divided by 181?
179
Calculate the remainder when 13183 is divided by 708.
439
What is the remainder when 1656699 is divided by 163?
130
What is the remainder when 493624 is divided by 4742?
456
Calculate the remainder when 509375 is divided by 4081.
3331
What is the remainder when 57376881 is divided by 1669?
1668
What is the remainder when 309900 is divided by 61933?
235
What is the remainder when 11319376 is divided by 69443?
167
Calculate the remainder when 432944027 is divided by 331.
330
Calculate the remainder when 6462910 is divided by 2399.
4
Calculate the remainder when 1277582 is divided by 60837.
5
Calculate the remainder when 196879 is divided by 428.
427
What is the remainder when 9015 is divided by 1025?
815
Calculate the remainder when 99887 is divided by 49861.
165
Calculate the remainder when 308519 is divided by 723.
521
What is the remainder when 243746158 is divided by 2436?
2434
Calculate the remainder when 120145 is divided by 23877.
760
Calculate the remainder when 7119942 is divided by 785.
777
Calculate the remainder when 106962 is divided by 169.
154
Calculate the remainder when 672987 is divided by 26919.
12
Calculate the remainder when 1197519 is divided by 9.
6
What is the remainder when 1379544 is divided by 1521?
1518
What is the remainder when 950162 is divided by 314397?
6971
Calculate the remainder when 18942486 is divided by 922.
918
What is the remainder when 500250 is divided by 387?
246
What is the remainder when 3276350 is divided by 819066?
86
Calculate the remainder when 32642499 is divided by 1425.
24
What is the remainder when 1337340 is divided by 6967?
6643
Calculate the remainder when 499875268 is divided by 62484408.
4
What is the remainder when 24517941 is divided by 1609?
1608
Calculate the remainder when 2439250 is divided by 101.
100
What is the remainder when 2631354 is divided by 10199?
12
Calculate the remainder when 482945 is divided by 3262.
169
What is the remainder when 373460 is divided by 1112?
940
Calculate the remainder when 7404 is divided by 3623.
158
Calculate the remainder when 899027 is divided by 9772.
3
What is the remainder when 84835 is divided by 408?
379
What is the remainder when 7114023 is divided by 3123?
2952
What is the remainder when 1560140 is divided by 119919?
1193
Calculate the remainder when 146726 is divided by 13332.
74
Calculate the remainder when 337841 is divided by 67513.
276
What is the remainder when 975071 is divided by 8?
7
Calculate the remainder when 99558 is divided by 3205.
203
Calculate the remainder when 364101 is divided by 72421.
1996
Calculate the remainder when 311504 is divided by 28318.
6
Calculate the remainder when 199737 is divided by 8078.
5865
Calculate the remainder when 451400 is divided by 793.
183
Calculate the remainder when 137138070 is divided by 9085.
9080
What is the remainder when 318166 is divided by 707?
16
Calculate the remainder when 60909329 is divided by 4034.
3997
Calculate the remainder when 3375607 is divided by 981.
967
What is the remainder when 10653464 is divided by 805?
94
What is the remainder when 496941 is divided by 10796?
325
What is the remainder when 79277632 is divided by 177?
40
Calculate the remainder when 18177791 is divided by 1276.
1171
Calculate the remainder when 63372 is divided by 2316.
840
Calculate the remainder when 1288362 is divided by 1803.
1020
What is the remainder when 1416777 is divided by 26729?
140
Calculate the remainder when 83324994 is divided by 1111.
1105
What is the remainder when 121958167 is divided by 3743?
3741
What is the remainder when 140909497 is divided by 230?
227
Calculate the remainder when 935826 is divided by 119.
10
Calculate the remainder when 4818143 is divided by 200.
143
What is the remainder when 11055198 is divided by 67?
64
Calculate the remainder when 1130224 is divided by 828.
4
What is the remainder when 1515 is divided by 1349?
166
Calculate the remainder when 1626571 is divided by 271094.
7
What is the remainder when 746995 is divided by 152?
67
What is the remainder when 2605471 is divided by 7381?
7359
Calculate the remainder when 4698692 is divided by 4666.
30
Calculate the remainder when 3880754 is divided by 127.
15
Calculate the remainder when 611583 is divided by 35935.
688
Calculate the remainder when 7379049 is divided by 924.
909
What is the remainder when 3754158 is divided by 1163?
1157
Calculate the rem